 + 4*a**2 - 3*a + 22. Let v(i) = -i**3 + 2*i**2 - 11. Let k(t) = m(t) - v(t). Calculate k(4).
-11
Let s(j) = -24*j + 18. Let l(m) = -23*m + 17. Let c(x) = 2*l(x) - 3*s(x). Let w be c(1). Let q(i) = i**2 - 6*i - 4. Calculate q(w).
-4
Let m be (-5)/(-55)*-42 - (13 - 141/11). Let s(c) = -2*c**3 - 9*c**2 - 12*c - 24. Give s(m).
8
Let q = -7 - -12. Let g = 186 + -184. Suppose 0 = -g*d - q*u + 3*u + 6, -3*d + 9 = -u. Let c(z) = -2*z**2 + 3*z + 2. Give c(d).
-7
Let x be (0 + -12)/4 - 117. Let a = x + 60. Let o = a + 65. Let g(q) = -2*q. Give g(o).
-10
Let d(r) = 5*r**3 + r**2 - r - 4. Let j(a) = 22*a**3 + 2*a**2 - 4*a - 17. Let h(w) = 9*d(w) - 2*j(w). Let s be (-2)/(-3) - 34/6. Determine h(s).
3
Let b(s) = -s**3 - 10*s**2 - 8*s + 11. Let r be b(-9). Let q(j) = 3*j - r*j - 1 + 2 + 5. Let d be 6*(-3 - (-6 - -4)). Give q(d).
0
Suppose 12*b = 9*b + 12. Suppose 4*z = 4*d + 5*z - 4, -d + b*z = -18. Let o(g) = -4 + 4 - 2*g - 1 + 2. What is o(d)?
-3
Suppose 11*z + 98 = 18*z. Let s(c) = 9*c**2 - 55*c + 40. Let t(v) = 5*v**2 - 31*v + 21. Let y(i) = -6*s(i) + 11*t(i). Calculate y(z).
33
Suppose -210 = 2682*h - 2640*h. Let r(j) = j**3 + 5*j**2 + j - 9. What is r(h)?
-14
Let w(n) be the second derivative of -7*n**3/3 + 20*n**2 + 662*n - 1. Calculate w(5).
-30
Let z(b) = -b**3 + 4*b**2 - 3*b + 7. Let w(g) = -g**3 + 4*g**2 + 4*g - 13. Let m be w(4). Suppose -2*r - 3*u + 20 = 2*u, -5*u = m*r - 25. What is z(r)?
-33
Suppose 5*n = -m - 9, -m + 3*n + 4 = -3. Let u(t) = t. Let w(q) = 16*q**3 - q**2 + 8*q - 1. Let d = -25 + 19. Let s(h) = d*u(h) + w(h). Give s(m).
16
Let p(b) = -4 + 6*b - 8*b - 4*b. Let w(g) be the first derivative of g**4/2 + 2*g**3/3 - g**2/2 + 2*g - 36. Let j be w(-2). Determine p(j).
20
Let s be (-12)/3 + -17 + 13. Let u(i) = 6*i**2 + 52*i + 8. Calculate u(s).
-24
Let m be (-1)/(6/(-4) + 2). Let b(w) = -398*w + 27. Let c(a) = 159*a - 11. Let d(s) = 4*b(s) + 10*c(s). Give d(m).
2
Suppose -2*w + h + 6 = 0, 0 = -0*w - 5*w - 3*h + 15. Let o(d) = -4*d + 6*d + 2*d + 6 - w*d. Suppose l + 21 = -2*z + 7*z, -z - 27 = 5*l. Determine o(l).
0
Let p(a) = -a**3 + 5 - 4 - 23 - 15*a - 16*a**2 - 7*a - 5*a**2. What is p(-20)?
18
Let u(p) = -3*p**3 - 4*p**2 - 2*p + 1. Suppose 65 = -18*s + 29. Let x be (-2040)/969 - s/19. What is u(x)?
13
Let b(q) be the first derivative of 4*q**2 - 1/4*q**4 + 5*q + 92 - 8/3*q**3. Give b(-9).
14
Let i(w) = -10*w**3 + w**3 + 8*w**3 + 3*w**2 + 4 + 4*w + w**2 - w. Let s be ((-10)/3)/(8/(-12)). Calculate i(s).
-6
Let s(l) be the third derivative of l**5/4 + l**4/12 - 34*l**2 + 6. What is s(-2)?
56
Let g(a) = 203*a - 280. Let x(l) = -89*l + 139. Let z(p) = 3*g(p) + 7*x(p). What is z(9)?
7
Let u(l) = l - 14. Let t be 2/6 - 2912/(-84). Let s be (10/t)/(2/56). Give u(s).
-6
Let v = -463 - -468. Let i(x) = -x**2 - 2*x + 14. Calculate i(v).
-21
Let v(u) = 5*u + 4. Suppose -935 = 13*w - 2*w. Let o = w + 82. What is v(o)?
-11
Let q(f) = 2*f**3 + f**2 + f + 2. Let a(s) = 3*s**3 + 7*s**2 + 8*s + 8. Let l(h) = a(h) - 2*q(h). Calculate l(6).
4
Let u(q) = -2*q - 28. Let d be u(-15). Suppose 9*f - d*f = 28. Let a(v) = v**2 - 1 - f + 7*v + 6*v - 17*v. Determine a(5).
0
Let n(x) = -18*x**3 + 4*x**2 + 3*x. Let d be n(-1). Let u(m) = -23 + d + m - 3*m + m**2 + 8*m. What is u(-6)?
-4
Suppose -5 = -2*g - 11. Let i be 5 + 1 + (g - -4) + -3. Suppose 5*c = -3*l - 45, -2*l + 7 = -i*c - 7. Let n(y) = -3*y. Determine n(c).
18
Suppose 0*g + 271 = -4*g - 3*i, 3*g - 2*i = -199. Let f(u) = -u**3 + 28*u**2 + 73*u + 547. Let n be f(31). Let q = g - n. Let o(m) = -4*m + 8. Determine o(q).
-16
Let p = 8 + -15. Suppose 2 = -7*y + 23. Let f(b) = 3*b**2 - b + b**3 + 2 + y*b**2 + b**2. What is f(p)?
9
Let a(w) be the first derivative of 2*w + 7/3*w**3 + 1/4*w**4 + 0*w**2 + 6. Let i = 155 + -162. Give a(i).
2
Suppose 7*x + 2 = 9*x. Let r be (x/2)/((-6)/(-36)). Let l(p) = r + p**2 - 4*p - 5 + 0 + 1. Calculate l(4).
-1
Let l(o) = 2*o + 1750 - 864 - 888. Suppose i = -16 + 19. What is l(i)?
4
Let k(d) = d**2 - 25*d - 8. Let a(o) = -2*o**2 - 68*o - 41. Let x be a(-33). What is k(x)?
-8
Let p(h) = -3*h**2 - 177*h - 2. Let f(s) = 7*s**2 + 446*s + 3. Let y(t) = -2*f(t) - 5*p(t). Let x be -1 + 1 + 7/1. Give y(x).
4
Let h be 133/63 - (-2)/(-18). Suppose -h*v + 16 = 4*f, 2*v = 3*f - 2*v - 1. Let b(j) = 2*j**2 + 3 - 6*j - 2*j**f + 2*j**2 + 4*j + j**3. Determine b(4).
-5
Let b be -3 + (-1 - 4)*(22 + -23). Let z(p) = 5*p**2 - 172 - 7*p - 4*p**b + 0*p**2 + 165. Determine z(8).
1
Let f(u) = 2*u**3 - 3*u**2 + u. Let h(o) = -441*o + 5 + 3 + 3*o**2 + 432*o. Let r be h(2). Determine f(r).
6
Let b(r) = 6*r**2 + 2*r. Let u(i) = -7*i**2 - 10*i - 26. Let s(l) = b(l) + u(l). What is s(-10)?
-46
Let r(b) = -3*b**3 + 14*b**2 + 10*b + 1. Let c(j) = -2*j**3 + 13*j**2 + j + 9*j + 11 - 9. Let o(u) = 4*c(u) - 3*r(u). Calculate o(-9).
-4
Suppose -70 = 3*q + 56. Let m = -40 - q. Let r(s) = -7*s - 1. Let i(l) = -5*l - 1. Let h(k) = 3*i(k) - 2*r(k). Give h(m).
-3
Suppose 0 = -4*k + 4*k - 3*k. Suppose 7*s + 8 - 29 = k. Let w(y) be the second derivative of -2*y**3/3 - y**2/2 - 31*y. What is w(s)?
-13
Let k(p) = p**2 - 15*p + 8. Suppose -14*w + 1639 = -3*w. Let m = w - 137. Determine k(m).
-28
Let k(c) = -10*c**2 + 5*c + 3. Let h(z) = 5*z - z - 3*z + 3 + 4*z - 29*z**2 + 22*z**2. Let g(n) = 4*h(n) - 3*k(n). What is g(-3)?
6
Let z = -2109 + 2104. Let x(o) = -o**3 - 6*o**2 - 2*o + 17. Give x(z).
2
Let h be (12/(-14))/((-16)/168). Suppose 12*p - h*p = 30. Let m(d) = d**2 - 11*d - 8. What is m(p)?
-18
Suppose -2*y - 10 = 22*r - 20*r, -4*r + 2*y = -10. Let x(f) = -f + 16. Determine x(r).
16
Let h(c) be the third derivative of -c**4/12 + 4*c**3/3 - c**2. Suppose -2730865*p + 154 = -2730843*p. What is h(p)?
-6
Let q(d) = d**3 + 2*d**2 - d + 4. Let o = 379 + 38. Let b = o - 421. Calculate q(b).
-24
Suppose -2*z + 60 = -8*z. Let f(c) = c**3 + 9*c**2 - 11*c - 3. Let d be f(z). Suppose -d*u - 6 + 13 = 0. Let o(y) = y - 2. What is o(u)?
-1
Let k(p) = p**2 + 25*p + 149. Let d be (-3)/(-23 - (-4864)/209). Calculate k(d).
-5
Let n(a) be the second derivative of -1/12*a**4 - 193*a + 1/6*a**3 + 0 + 3/2*a**2. Determine n(5).
-17
Let l be (-1)/3*(5 + -14). Suppose -13 = 4*k + l. Let z(w) = -14*w + 10. Let s(j) = -38*j + 26. Let r(i) = -3*s(i) + 8*z(i). Calculate r(k).
-6
Let m = 8 + -17. Let c(b) = -298*b**2 + 42 + b**3 + 150*b**2 - 98 + 157*b**2 + 47. Calculate c(m).
-9
Let x(l) = 63*l**2 + 4 - 5 + 5*l + 65*l**2 - 3 - 122*l**2. Give x(1).
7
Suppose -2*b + 5*w = -35, -4*b - w + 0*w - 7 = 0. Let h(d) = -d**3 + 3*d**2 + 3*d - 4. Give h(b).
-4
Let i(h) = h**3 + h**2 + 2*h + 2. Let q(v) = -235*v + 3051. Let t be q(13). Give i(t).
-54
Let o(j) = -75*j - 1705. Let x be o(-23). Let c(b) be the second derivative of -2/3*b**3 + 0 + 1/20*b**5 + x*b - 1/4*b**4 + b**2. Give c(3).
-10
Suppose 0 = -51*i - i + 208. Suppose -i*o + 28 = 3*o. Let w(h) = h**3 - 5*h**2 + 4*h. What is w(o)?
0
Let r(w) = -3*w - 42. Let m be r(-15). Let c(t) be the third derivative of -40*t**2 + 1/6*t**3 + 0*t - 1/6*t**4 + 0. Determine c(m).
-11
Let q(p) = -2*p**3 + 8*p**2 + 8*p + 12. Let r be q(5). Let o(l) = -13*l**2 + l**3 - 7*l**2 - 10*l**r + 6 + 23*l**2 - 9*l. Give o(8).
-2
Let n = -15770 + 15779. Let o(w) = -w**3 + 11*w**2 - 14*w + 3. What is o(n)?
39
Let p(a) be the first derivative of -a**4/2 - 41*a**3/3 - 17*a**2/2 + 54*a + 11843. What is p(-20)?
-6
Let h(n) = n - 3. Suppose 13*k - 14*k + 67 = 0. Let g = k - 40. Let i = g - 25. What is h(i)?
-1
Let v(m) = -m**2 - 4*m + 3. Let h be 96/18 - 3/9. Suppose -5*z + 2*u = -0*z + 70, 5*u = h*z + 85. Let g = 6 + z. What is v(g)?
-9
Let j(d) be the third derivative of -d**4/6 + 133*d**3/6 - 32*d**2 - d - 2. Calculate j(27).
25
Let i(t) = -5*t - 2*t**3 - 8 - 2*t - 112*t**2 + 8*t + 130*t**2. Determine i(9).
1
Let c(b) = 8*b**2 - 5*b**2 + b - 2*b. Let i = 383731 - 383732. Give c(i).
4
Let x(f) = 6*f - 181. Let a be x(30). Let j(t) = 2*t. Let m(y) = 9*y - 5. Let v(i) = a*m(i) + 4*j(i). Give v(0).
5
Let i(t) be the first derivative of -5*t**2/2 + 9*t + 1953. What is i(3)?
-6
Let w(p) be the first derivative of 1/30*p**5 - 49 - 1/30*p**6 + 7*p - 1/6*p**3 + 3/2*p**2 + 0*p**4. Let f(g) be the second derivative of w(g). What is f(-1)?
5
Let h(b) = -12*b + 1. Suppose l = 8*l - 28. Suppose 2*j + l = 8. Suppose 0 = -5*y - 4*p + 6*p + 1